{"id":105,"date":"2024-09-15T13:26:20","date_gmt":"2024-09-15T13:26:20","guid":{"rendered":"https:\/\/contratatusector.com\/?page_id=105"},"modified":"2024-10-02T11:10:39","modified_gmt":"2024-10-02T11:10:39","slug":"contacto","status":"publish","type":"page","link":"https:\/\/contratatusector.com\/?page_id=105","title":{"rendered":"Contacta con nosotros"},"content":{"rendered":"\n<div style=\"height:22px\" aria-hidden=\"true\" class=\"wp-block-spacer\"><\/div>\n\n\n\n<div class=\"wp-block-columns is-layout-flex wp-container-core-columns-is-layout-28f84493 wp-block-columns-is-layout-flex\">\n<div class=\"wp-block-column is-layout-flow wp-block-column-is-layout-flow\" style=\"flex-basis:75%\"><div class=\"wpforms-container wpforms-container-full wpforms-block wpforms-block-99133333-7d1d-48e4-a111-5c3eccbfa2ce wpforms-render-modern\" id=\"wpforms-107\"><form id=\"wpforms-form-107\" class=\"wpforms-validate wpforms-form wpforms-ajax-form\" data-formid=\"107\" method=\"post\" enctype=\"multipart\/form-data\" action=\"\/index.php?rest_route=%2Fwp%2Fv2%2Fpages%2F105\" data-token=\"3d6f0d6d3d852fd77409772b62badd8e\" data-token-time=\"1776291050\"><noscript class=\"wpforms-error-noscript\">Por favor, activa JavaScript en tu navegador para completar este formulario.<\/noscript><div class=\"wpforms-hidden\" id=\"wpforms-error-noscript\">Por favor, activa JavaScript en tu navegador para completar este formulario.<\/div><div class=\"wpforms-field-container\"><div id=\"wpforms-107-field_1-container\" class=\"wpforms-field wpforms-field-name\" data-field-id=\"1\"><label class=\"wpforms-field-label\" for=\"wpforms-107-field_1\">Su nombre <span class=\"wpforms-required-label\" aria-hidden=\"true\">*<\/span><\/label><input type=\"text\" id=\"wpforms-107-field_1\" class=\"wpforms-field-medium wpforms-field-required\" name=\"wpforms[fields][1]\" aria-errormessage=\"wpforms-107-field_1-error\" required><\/div><div id=\"wpforms-107-field_4-container\" class=\"wpforms-field wpforms-field-text\" data-field-id=\"4\"><label class=\"wpforms-field-label\" for=\"wpforms-107-field_4\">Empresa<\/label><input type=\"text\" id=\"wpforms-107-field_4\" class=\"wpforms-field-medium\" name=\"wpforms[fields][4]\" aria-errormessage=\"wpforms-107-field_4-error\" ><\/div><div id=\"wpforms-107-field_2-container\" class=\"wpforms-field wpforms-field-email\" data-field-id=\"2\"><label class=\"wpforms-field-label\" for=\"wpforms-107-field_2\">Su e-mail <span class=\"wpforms-required-label\" aria-hidden=\"true\">*<\/span><\/label><input type=\"email\" id=\"wpforms-107-field_2\" class=\"wpforms-field-medium wpforms-field-required\" name=\"wpforms[fields][2]\" spellcheck=\"false\" aria-errormessage=\"wpforms-107-field_2-error\" required><\/div><div id=\"wpforms-107-field_5-container\" class=\"wpforms-field wpforms-field-text\" data-field-id=\"5\"><label class=\"wpforms-field-label\" for=\"wpforms-107-field_5\">Tel\u00e9fono de contacto <span class=\"wpforms-required-label\" aria-hidden=\"true\">*<\/span><\/label><input type=\"text\" id=\"wpforms-107-field_5\" class=\"wpforms-field-medium wpforms-field-required\" name=\"wpforms[fields][5]\" aria-errormessage=\"wpforms-107-field_5-error\" required><\/div><div id=\"wpforms-107-field_6-container\" class=\"wpforms-field wpforms-field-text\" data-field-id=\"6\"><label class=\"wpforms-field-label\" for=\"wpforms-107-field_6\">Ciudad y c\u00f3digo postal <span class=\"wpforms-required-label\" aria-hidden=\"true\">*<\/span><\/label><input type=\"text\" id=\"wpforms-107-field_6\" class=\"wpforms-field-medium wpforms-field-required\" name=\"wpforms[fields][6]\" aria-errormessage=\"wpforms-107-field_6-error\" required><\/div><div id=\"wpforms-107-field_7-container\" class=\"wpforms-field wpforms-field-text\" data-field-id=\"7\"><label class=\"wpforms-field-label\" for=\"wpforms-107-field_7\">Asunto <span class=\"wpforms-required-label\" aria-hidden=\"true\">*<\/span><\/label><input type=\"text\" id=\"wpforms-107-field_7\" class=\"wpforms-field-medium wpforms-field-required\" name=\"wpforms[fields][7]\" aria-errormessage=\"wpforms-107-field_7-error\" required><\/div><div id=\"wpforms-107-field_3-container\" class=\"wpforms-field wpforms-field-textarea\" data-field-id=\"3\"><label class=\"wpforms-field-label\" for=\"wpforms-107-field_3\">Su mensaje <span class=\"wpforms-required-label\" aria-hidden=\"true\">*<\/span><\/label><textarea id=\"wpforms-107-field_3\" class=\"wpforms-field-medium wpforms-field-required\" name=\"wpforms[fields][3]\" aria-errormessage=\"wpforms-107-field_3-error\" required><\/textarea><\/div><div id=\"wpforms-107-field_9-container\" class=\"wpforms-field wpforms-field-checkbox\" data-field-id=\"9\"><fieldset><legend class=\"wpforms-field-label\">Pol\u00edtica de privacidad <span class=\"wpforms-required-label\" aria-hidden=\"true\">*<\/span><\/legend><ul id=\"wpforms-107-field_9\" class=\"wpforms-field-required\"><li class=\"choice-1 depth-1\"><input type=\"checkbox\" id=\"wpforms-107-field_9_1\" name=\"wpforms[fields][9][]\" value=\"Leo y acepto la pol\u00edtica de privacidad\" aria-errormessage=\"wpforms-107-field_9_1-error\" aria-describedby=\"wpforms-107-field_9-description\" required ><label class=\"wpforms-field-label-inline\" for=\"wpforms-107-field_9_1\">Leo y acepto la pol\u00edtica de privacidad<\/label><\/li><\/ul><div id=\"wpforms-107-field_9-description\" class=\"wpforms-field-description\">CPM3 SOFT S.L es el Responsable del tratamiento de los datos personales del usuario y le informa de que estos datos se tratar\u00e1n de conformidad con lo dispuesto en el Reglamento (UE) 2016\/679, de 27 de abril (GDPR), y la Ley Org\u00e1nica 3\/2018, de 5 de diciembre (LOPDGDD), por lo que se le facilita la siguiente informaci\u00f3n del tratamiento: Fines y legitimaci\u00f3n del tratamiento: mantener una relaci\u00f3n comercial y el env\u00edo de comunicaciones de productos o servicios. Criterios de conservaci\u00f3n de los datos: se conservar\u00e1n durante no m\u00e1s tiempo del necesario para mantener el fin del tratamiento, se suprimir\u00e1n con medidas de seguridad adecuadas. Comunicaci\u00f3n de los datos: no se comunicar\u00e1n los datos a terceros, salvo obligaci\u00f3n legal. Derechos que asisten al usuario: derecho a retirar el consentimiento. Derecho de acceso, rectificaci\u00f3n, portabilidad y supresi\u00f3n de sus datos, y de limitaci\u00f3n u oposici\u00f3n a su tratamiento. Derecho a presentar una reclamaci\u00f3n ante la Autoridad de control (www.aepd.es) Datos de contacto del delegado de protecci\u00f3n de datos: dpd@setemcat.com, mas informaci\u00f3n sobre el tratamiento de datos en: https:\/\/contratatusector.com\/Rgpd de privacidad<\/div><\/fieldset><\/div><\/div><!-- .wpforms-field-container --><div class=\"wpforms-recaptcha-container wpforms-is-recaptcha wpforms-is-recaptcha-type-v3\" ><input type=\"hidden\" name=\"wpforms[recaptcha]\" value=\"\"><\/div><div class=\"wpforms-submit-container\" ><input type=\"hidden\" name=\"wpforms[id]\" value=\"107\"><input type=\"hidden\" name=\"page_title\" value=\"\"><input type=\"hidden\" name=\"page_url\" value=\"https:\/\/contratatusector.com\/index.php?rest_route=\/wp\/v2\/pages\/105\"><button type=\"submit\" name=\"wpforms[submit]\" id=\"wpforms-submit-107\" class=\"wpforms-submit\" data-alt-text=\"Enviando...\" data-submit-text=\"Enviar\" aria-live=\"assertive\" value=\"wpforms-submit\">Enviar<\/button><img loading=\"lazy\" decoding=\"async\" src=\"https:\/\/contratatusector.com\/wp-content\/plugins\/wpforms\/assets\/images\/submit-spin.svg\" class=\"wpforms-submit-spinner\" style=\"display: none;\" width=\"26\" height=\"26\" alt=\"Cargando\"><\/div><\/form><\/div>  <!-- .wpforms-container -->\n\n\n<p class=\"has-small-font-size\">Formulario protegido con la tecnolog\u00eda reCAPTCHA v3 de Google.<\/p>\n<\/div>\n\n\n\n<div class=\"wp-block-column is-layout-flow wp-block-column-is-layout-flow\" style=\"flex-basis:25%\">\n<h2 class=\"wp-block-heading has-body-font-family\">Informaci\u00f3n de contacto<\/h2>\n\n\n\n<p class=\"has-body-font-family\">C\/ Costa i Fornaguera, 30<br>08370 Calella \u2013 Barcelona<\/p>\n\n\n\n<p class=\"has-body-font-family\">Tel\u00e9fono:\u00a0<a href=\"tel:+34937690448\">+34 <\/a>692 494 776<\/p>\n\n\n\n<p>Comercial: +34 682 780 489<\/p>\n\n\n\n<p class=\"has-body-font-family\">Email:&nbsp;<a href=\"mailto:admin@contratatusector.com\">admin@contratatusector.com<\/a><\/p>\n\n\n\n<p class=\"has-body-font-family\">Web:&nbsp;<a href=\"https:\/\/www.setemcat.com\/\">www.contratatusector.com<\/a><\/p>\n<\/div>\n<\/div>\n\n\n\n<p>Consulta <a href=\"https:\/\/contratatusector.com\/?page_id=199\">aqu\u00ed<\/a> la pol\u00edtica de privacidad.<\/p>\n\n\n\n<p><\/p>\n","protected":false},"excerpt":{"rendered":"<p>Formulario protegido con la tecnolog\u00eda reCAPTCHA v3 de Google. Informaci\u00f3n de contacto C\/ Costa i Fornaguera, 3008370 Calella \u2013 Barcelona Tel\u00e9fono:\u00a0+34 692 494 776 Comercial: +34 682 780 489 Email:&nbsp;admin@contratatusector.com Web:&nbsp;www.contratatusector.com Consulta aqu\u00ed la pol\u00edtica de privacidad.<\/p>\n","protected":false},"author":1,"featured_media":0,"parent":0,"menu_order":0,"comment_status":"closed","ping_status":"closed","template":"","meta":{"_joinchat":[],"footnotes":""},"class_list":["post-105","page","type-page","status-publish","hentry"],"_links":{"self":[{"href":"https:\/\/contratatusector.com\/index.php?rest_route=\/wp\/v2\/pages\/105","targetHints":{"allow":["GET"]}}],"collection":[{"href":"https:\/\/contratatusector.com\/index.php?rest_route=\/wp\/v2\/pages"}],"about":[{"href":"https:\/\/contratatusector.com\/index.php?rest_route=\/wp\/v2\/types\/page"}],"author":[{"embeddable":true,"href":"https:\/\/contratatusector.com\/index.php?rest_route=\/wp\/v2\/users\/1"}],"replies":[{"embeddable":true,"href":"https:\/\/contratatusector.com\/index.php?rest_route=%2Fwp%2Fv2%2Fcomments&post=105"}],"version-history":[{"count":11,"href":"https:\/\/contratatusector.com\/index.php?rest_route=\/wp\/v2\/pages\/105\/revisions"}],"predecessor-version":[{"id":336,"href":"https:\/\/contratatusector.com\/index.php?rest_route=\/wp\/v2\/pages\/105\/revisions\/336"}],"wp:attachment":[{"href":"https:\/\/contratatusector.com\/index.php?rest_route=%2Fwp%2Fv2%2Fmedia&parent=105"}],"curies":[{"name":"wp","href":"https:\/\/api.w.org\/{rel}","templated":true}]}}