{"id":124,"date":"2024-09-15T13:57:09","date_gmt":"2024-09-15T13:57:09","guid":{"rendered":"https:\/\/contratatusector.com\/?page_id=124"},"modified":"2024-09-27T11:06:26","modified_gmt":"2024-09-27T11:06:26","slug":"blog","status":"publish","type":"page","link":"https:\/\/contratatusector.com\/?page_id=124","title":{"rendered":"Blog"},"content":{"rendered":"\n<div class=\"wp-block-query is-layout-flow wp-block-query-is-layout-flow\"><ul class=\"wp-block-post-template has-mulish-font-family has-global-padding is-layout-constrained wp-container-core-post-template-is-layout-d4649bc6 wp-block-post-template-is-layout-constrained\"><li class=\"wp-block-post post-344 post type-post status-publish format-standard hentry category-uncategorized\">\n<h2 class=\"wp-block-post-title has-body-font-family\"><a href=\"https:\/\/contratatusector.com\/?p=344\" target=\"_self\" >C\u00f3mo preparar tu curr\u00edculum para trabajar<\/a><\/h2>\n\n\n\n<div class=\"wp-block-post-excerpt has-mulish-font-family\"><p class=\"wp-block-post-excerpt__excerpt\">Si est\u00e1s buscando empleo en hosteler\u00eda, tu curr\u00edculum debe ser tan atractivo y directo como un buen cartel de oferta de tapas. Aqu\u00ed te dejo algunos consejos clave: 1. Informaci\u00f3n R\u00e1pida y Clara En hosteler\u00eda, la rapidez importa. En la parte superior, incluye tus datos de contacto y una descripci\u00f3n breve y concreta de tus<\/p><p class=\"wp-block-post-excerpt__more-text\"><a class=\"wp-block-post-excerpt__more-link\" href=\"https:\/\/contratatusector.com\/?p=344\">Leer m\u00e1s<\/a><\/p><\/div>\n\n\n<hr class=\"wp-block-separator has-css-opacity\"\/>\n\n\n<div class=\"wp-block-post-date has-mulish-font-family\"><time datetime=\"2024-10-04T11:58:04+00:00\">octubre 4, 2024<\/time><\/div>\n<\/li><li class=\"wp-block-post post-131 post type-post status-publish format-standard has-post-thumbnail hentry category-uncategorized\">\n<h2 class=\"wp-block-post-title has-body-font-family\"><a href=\"https:\/\/contratatusector.com\/?p=131\" target=\"_self\" >ContrataTuSector, una revolucionaria plataforma para unir empresas y trabajadores con un solo Click<\/a><\/h2>\n\n<figure style=\"height:300px;\" class=\"alignwide wp-block-post-featured-image\"><a href=\"https:\/\/contratatusector.com\/?p=131\" target=\"_self\"  style=\"height:300px\"><img loading=\"lazy\" decoding=\"async\" width=\"1563\" height=\"1207\" src=\"https:\/\/contratatusector.com\/wp-content\/uploads\/2024\/09\/logo_contrata-retallat.png\" class=\"attachment-post-thumbnail size-post-thumbnail wp-post-image\" alt=\"ContrataTuSector, una revolucionaria plataforma para unir empresas y trabajadores con un solo Click\" style=\"height:300px;object-fit:contain;\" srcset=\"https:\/\/contratatusector.com\/wp-content\/uploads\/2024\/09\/logo_contrata-retallat.png 1563w, https:\/\/contratatusector.com\/wp-content\/uploads\/2024\/09\/logo_contrata-retallat-300x232.png 300w, https:\/\/contratatusector.com\/wp-content\/uploads\/2024\/09\/logo_contrata-retallat-1024x791.png 1024w, https:\/\/contratatusector.com\/wp-content\/uploads\/2024\/09\/logo_contrata-retallat-768x593.png 768w, https:\/\/contratatusector.com\/wp-content\/uploads\/2024\/09\/logo_contrata-retallat-1536x1186.png 1536w\" sizes=\"auto, (max-width: 1563px) 100vw, 1563px\" \/><\/a><\/figure>\n\n<div class=\"wp-block-post-excerpt has-mulish-font-family\"><p class=\"wp-block-post-excerpt__excerpt\">Uno de los sectores m\u00e1s afectados por la falta de personal, es el sector de la&nbsp;hosteler\u00eda&nbsp;y la&nbsp;restauraci\u00f3n. En este contexto, nace en&nbsp;ContrataTuSector, la nueva y revolucionaria plataforma para encontrar trabajo r\u00e1pidamente. Con ContrataTuSector&nbsp;no te har\u00e1 falta buscar trabajo,&nbsp;\u00e9l te encontrar\u00e1 a ti La innovadora y transformadora plataforma&nbsp;ofrece una&nbsp;idea revolucionaria&nbsp;en el mercado: son las empresas las<\/p><p class=\"wp-block-post-excerpt__more-text\"><a class=\"wp-block-post-excerpt__more-link\" href=\"https:\/\/contratatusector.com\/?p=131\">Leer m\u00e1s<\/a><\/p><\/div>\n\n\n<hr class=\"wp-block-separator has-css-opacity\"\/>\n\n\n<div class=\"wp-block-post-date has-mulish-font-family\"><time datetime=\"2024-09-15T14:15:52+00:00\">septiembre 15, 2024<\/time><\/div>\n<\/li><\/ul><\/div>\n","protected":false},"excerpt":{"rendered":"","protected":false},"author":1,"featured_media":0,"parent":0,"menu_order":0,"comment_status":"closed","ping_status":"closed","template":"","meta":{"_joinchat":[],"footnotes":""},"class_list":["post-124","page","type-page","status-publish","hentry"],"_links":{"self":[{"href":"https:\/\/contratatusector.com\/index.php?rest_route=\/wp\/v2\/pages\/124","targetHints":{"allow":["GET"]}}],"collection":[{"href":"https:\/\/contratatusector.com\/index.php?rest_route=\/wp\/v2\/pages"}],"about":[{"href":"https:\/\/contratatusector.com\/index.php?rest_route=\/wp\/v2\/types\/page"}],"author":[{"embeddable":true,"href":"https:\/\/contratatusector.com\/index.php?rest_route=\/wp\/v2\/users\/1"}],"replies":[{"embeddable":true,"href":"https:\/\/contratatusector.com\/index.php?rest_route=%2Fwp%2Fv2%2Fcomments&post=124"}],"version-history":[{"count":11,"href":"https:\/\/contratatusector.com\/index.php?rest_route=\/wp\/v2\/pages\/124\/revisions"}],"predecessor-version":[{"id":330,"href":"https:\/\/contratatusector.com\/index.php?rest_route=\/wp\/v2\/pages\/124\/revisions\/330"}],"wp:attachment":[{"href":"https:\/\/contratatusector.com\/index.php?rest_route=%2Fwp%2Fv2%2Fmedia&parent=124"}],"curies":[{"name":"wp","href":"https:\/\/api.w.org\/{rel}","templated":true}]}}